{"id":944,"date":"2013-10-03T16:37:54","date_gmt":"2013-10-03T14:37:54","guid":{"rendered":"http:\/\/www.evkirche-badsaulgau.de\/rev\/?page_id=944"},"modified":"2021-10-12T18:46:15","modified_gmt":"2021-10-12T16:46:15","slug":"frauenfruehstueck","status":"publish","type":"page","link":"https:\/\/www.evkirche-badsaulgau.de\/rev\/?page_id=944","title":{"rendered":"Frauenfr\u00fchst\u00fcck"},"content":{"rendered":"<p><img fetchpriority=\"high\" decoding=\"async\" class=\"alignleft size-medium wp-image-1160\" style=\"opacity: 0.9;\" src=\"http:\/\/www.evkirche-badsaulgau.de\/rev\/wp-content\/uploads\/2013\/10\/Frauenfr\u00fchst\u00fcck-200x300.jpg\" alt=\"Frauenfr\u00fchst\u00fcck\" width=\"200\" height=\"300\" srcset=\"https:\/\/www.evkirche-badsaulgau.de\/rev\/wp-content\/uploads\/2013\/10\/Frauenfr\u00fchst\u00fcck-200x300.jpg 200w, https:\/\/www.evkirche-badsaulgau.de\/rev\/wp-content\/uploads\/2013\/10\/Frauenfr\u00fchst\u00fcck-685x1024.jpg 685w, https:\/\/www.evkirche-badsaulgau.de\/rev\/wp-content\/uploads\/2013\/10\/Frauenfr\u00fchst\u00fcck.jpg 723w\" sizes=\"(max-width: 200px) 100vw, 200px\" \/><\/p>\n<p style=\"margin-left: 240px;\"><span style=\"color: #ff0000;\"><span style=\"font-size: 18px;\">Frauenfr\u00fchst\u00fcck <\/span><\/span>&#8211; das hei\u00dft: ein herrliches Fr\u00fchst\u00fccksbuffett, viel Zeit f\u00fcr&#8217;s Essen und die Gemeinschaft mit anderen Frauen, gemeinsam singen und beten, neue Impulse f\u00fcr den Glauben und den Alltag bekommen, neue Bekanntschaften machen und alte pflegen, eine gem\u00fctliche Atmosph\u00e4re &#8211; einfach eine kleine Kraftquelle am Samstagmorgen!&nbsp;Wir treffen uns immer im ev. Gemeindehaus in Bad Saulgau. Dort gestalten wir uns den Saal so, wie es zum Thema und zur Jahreszeit passt und freuen uns \u00fcber alle, die beim Fr\u00fchst\u00fcck, beim Dekorieren, Stuhlen und Aufr\u00e4umen mithelfen.<\/p>\n<p>&nbsp; &nbsp; &nbsp;&nbsp;&nbsp;<\/p>\n<p>&nbsp;<\/p>\n<hr \/>\n<p>&nbsp;<\/p>\n<p><span style=\"color: #ff0000;\"><span style=\"font-size: 18px;\">Kontakt:<\/span><\/span>&nbsp;&nbsp; Sabine Biselli <span style=\"font-size: 11.0pt; line-height: 115%; font-family: 'Calibri','sans-serif'; mso-ascii-theme-font: minor-latin; mso-fareast-font-family: Calibri; mso-fareast-theme-font: minor-latin; mso-hansi-theme-font: minor-latin; mso-bidi-font-family: 'Times New Roman'; mso-bidi-theme-font: minor-bidi; mso-ansi-language: DE; mso-fareast-language: EN-US; mso-bidi-language: AR-SA;\">sabine.biselli[at]gmx.de<\/span> und Elisabeth Gerstetter <span style=\"font-size: 11.0pt; line-height: 115%; font-family: 'Calibri','sans-serif'; mso-ascii-theme-font: minor-latin; mso-fareast-font-family: Calibri; mso-fareast-theme-font: minor-latin; mso-hansi-theme-font: minor-latin; mso-bidi-font-family: 'Times New Roman'; mso-bidi-theme-font: minor-bidi; mso-ansi-language: DE; mso-fareast-language: EN-US; mso-bidi-language: AR-SA;\">07581\/7494<\/span><\/p>\n<p>&nbsp;<\/p>\n","protected":false},"excerpt":{"rendered":"<p>Frauenfr\u00fchst\u00fcck &#8211; das hei\u00dft: ein herrliches Fr\u00fchst\u00fccksbuffett, viel Zeit f\u00fcr&#8217;s Essen und die Gemeinschaft mit anderen Frauen, gemeinsam singen und beten, neue Impulse f\u00fcr den Glauben und den Alltag bekommen, neue Bekanntschaften machen und alte pflegen, eine gem\u00fctliche Atmosph\u00e4re &#8211; einfach eine kleine Kraftquelle am Samstagmorgen!&nbsp;Wir treffen uns immer im ev. Gemeindehaus in Bad Saulgau. [&hellip;]<\/p>\n","protected":false},"author":2,"featured_media":0,"parent":760,"menu_order":4,"comment_status":"closed","ping_status":"open","template":"","meta":{"ngg_post_thumbnail":0,"footnotes":"","_links_to":"","_links_to_target":""},"class_list":["post-944","page","type-page","status-publish","hentry"],"_links":{"self":[{"href":"https:\/\/www.evkirche-badsaulgau.de\/rev\/index.php?rest_route=\/wp\/v2\/pages\/944","targetHints":{"allow":["GET"]}}],"collection":[{"href":"https:\/\/www.evkirche-badsaulgau.de\/rev\/index.php?rest_route=\/wp\/v2\/pages"}],"about":[{"href":"https:\/\/www.evkirche-badsaulgau.de\/rev\/index.php?rest_route=\/wp\/v2\/types\/page"}],"author":[{"embeddable":true,"href":"https:\/\/www.evkirche-badsaulgau.de\/rev\/index.php?rest_route=\/wp\/v2\/users\/2"}],"replies":[{"embeddable":true,"href":"https:\/\/www.evkirche-badsaulgau.de\/rev\/index.php?rest_route=%2Fwp%2Fv2%2Fcomments&post=944"}],"version-history":[{"count":23,"href":"https:\/\/www.evkirche-badsaulgau.de\/rev\/index.php?rest_route=\/wp\/v2\/pages\/944\/revisions"}],"predecessor-version":[{"id":2980,"href":"https:\/\/www.evkirche-badsaulgau.de\/rev\/index.php?rest_route=\/wp\/v2\/pages\/944\/revisions\/2980"}],"up":[{"embeddable":true,"href":"https:\/\/www.evkirche-badsaulgau.de\/rev\/index.php?rest_route=\/wp\/v2\/pages\/760"}],"wp:attachment":[{"href":"https:\/\/www.evkirche-badsaulgau.de\/rev\/index.php?rest_route=%2Fwp%2Fv2%2Fmedia&parent=944"}],"curies":[{"name":"wp","href":"https:\/\/api.w.org\/{rel}","templated":true}]}}